remainder when 0 - (0 + 0) - -16 is divided by o.
4
Suppose 0*a + 3*a - 8 = -2*t, 5*a = 5*t + 5. Suppose -60 = -7*q + a*q. What is the remainder when q is divided by 5?
2
Suppose 124 = 5*h - 2*o, 4*h + 2*o = -55 + 165. What is the remainder when 37 is divided by (h/(-3))/((-4)/6)?
11
Suppose 5*j = -s + 15, -4*s - 9*j = -4*j - 30. Let m = 14 + 5. What is the remainder when m is divided by s?
4
Let m(r) = 32*r - 26. Calculate the remainder when m(4) is divided by 13.
11
Let m = -8 + 43. Let l = -14 + m. Let t(q) = -12*q - 1. Calculate the remainder when l is divided by t(-1).
10
Let j = -65 + 112. What is the remainder when j is divided by 24?
23
Let g(i) = i**3 - 2*i**2 + 2*i - 1. Calculate the remainder when g(2) is divided by 2.
1
Suppose -4*o = o + 4*p - 18, 5*p - 10 = 0. Let z(w) = 6*w**2 + 2*w - 3. Calculate the remainder when z(o) is divided by 9.
7
Let j be 110/7 + (-2)/(-7). Suppose j = 2*a - 12. What is the remainder when 7/a + 102/4 is divided by 7?
5
Suppose 0*r + 7 = r. Calculate the remainder when 19 is divided by r/1*(-1 + 2).
5
Suppose 2*y - 2*p - 6 = 0, -5*y + p + 0*p + 19 = 0. What is the remainder when 13 is divided by y?
1
Let u(z) = -2*z - 1. Suppose 3*m + 5*h + 8 = 0, -m - 3*m - 3*h - 7 = 0. Calculate the remainder when 3 is divided by u(m).
0
Suppose 5*f = 5*s + 75, 2*f - 64 = -2*f + 5*s. What is the remainder when (-2 + 0)/((-2)/f) is divided by ((-2)/(-2) + -2)*-4?
3
Let d(q) = -q**3 - 6*q**2 - 7*q - 6. Let u be d(-5). Suppose u*t + 22 = 3*l, 0*t = 3*t + 3. Let r = 30 + -14. Calculate the remainder when r is divided by l.
4
Let p = 10 - 5. Suppose 3*f - 24 = -p*l, 9 + 3 = 2*f + 2*l. What is the remainder when (0 - 1)*(-28)/4 is divided by f?
1
Let a(o) be the first derivative of -o**2 + 2*o + 3. Calculate the remainder when 11 is divided by a(-2).
5
Let q(g) = -g**3 + 4*g**2 + 5*g + 7. Calculate the remainder when q(5) is divided by 1 - 2/(-1) - -1.
3
Let k be (-6 - -3)/((-6)/(-32)). Let n = k - -38. What is the remainder when 64 is divided by n?
20
Let o = 103 - 90. Calculate the remainder when 50 is divided by o.
11
Let g(y) = -3*y**2 - 9*y + 6. Let x(s) = -13*s**2 - 37*s + 25. Let q(t) = 9*g(t) - 2*x(t). Let o = 88 + -59. Calculate the remainder when o is divided by q(-6).
9
Calculate the remainder when 44 is divided by ((-8)/16)/((-2)/64).
12
Suppose -2*k = -10, k - 4*k = -t - 14. Let a be t/(-4) + (-9)/(-4). Suppose -a*r + 9 = 5*p, -p - 18 = -3*r + 4. Calculate the remainder when 13 is divided by r.
6
Let c(r) = r**2 + 7*r + 11. Let j be c(-6). Suppose -2*o + j*o = 30. Calculate the remainder when 26 is divided by o.
6
Let p be (60/(-2))/(-7 + 6). Calculate the remainder when (p/(-25))/(2/(-15)) is divided by 5.
4
Let y(f) = -f**2 - 21*f - 18. What is the remainder when y(-16) is divided by 21?
20
Suppose -u - 3*u = -2*y - 292, -5*y + 20 = 0. Let a(p) = p + 19. Calculate the remainder when u is divided by a(0).
18
Suppose 3*f = 2*v + v + 171, 27 = f + 5*v. Suppose c + 12 = f. Let k = -14 + c. Calculate the remainder when k is divided by 14.
12
Let n(s) = 18*s - 1. Let y(z) = z**3 - 5*z**2 + 6*z - 6. Let d be y(4). What is the remainder when n(d) is divided by 12?
11
Suppose 34 = 4*n - 14. Suppose 0 = l - 3*i - 5 + n, 0 = 2*l + 4*i - 26. Let m(p) = -p - 3. What is the remainder when l is divided by m(-5)?
1
Suppose 2*x + x - 9 = 0. Suppose 3*y = -3*q + 9, q - 5*q + 4 = 0. Calculate the remainder when x is divided by y.
1
Suppose -4*m + 150 = -2*w - 54, 4*m - 220 = -2*w. Calculate the remainder when m is divided by 29.
24
Let k = 4 + 1. Suppose 5 = k*a - 50. What is the remainder when 43 is divided by a?
10
Suppose -s + 0 + 1 = 0, -m + 85 = 5*s. Suppose 0 = 5*o - m - 125. Suppose -w + 19 = 5. What is the remainder when o is divided by w?
13
Suppose -5*h = -2*u + 98, -263 = -5*u + 2*h + 24. Suppose 2*j - 4*j + 120 = 0. Let t = -40 + j. Calculate the remainder when u is divided by t.
19
Suppose 0 = -s - 0*s + 2, -2*s = -5*t + 6. Suppose 6 = t*x - 26. What is the remainder when 47 is divided by x?
15
Let d = 40 - 23. Calculate the remainder when 66 is divided by d.
15
Let z = 6 - 4. Let q be z - 2 - 1 - -1. Suppose q*p + 44 = 2*p. Calculate the remainder when p is divided by 12.
10
Let x(l) = 9*l - 18. Calculate the remainder when (-65)/(-4) - (-3)/(-12) is divided by x(3).
7
Let x = 63 + -42. Let h = 1 - 0. What is the remainder when x is divided by 2/(-1) + h*13?
10
Suppose 3*s = 4*y + 7, 0*s = 3*s - 3*y - 6. What is the remainder when 46 is divided by (2 + (-2 - -16))/s?
14
Let k(r) = -2*r - 1. Let c be k(-6). Suppose 8 = t - c. Calculate the remainder when -5*9*(-4)/5 is divided by t.
17
Suppose 4*q = -q + 15. Suppose -20 = -5*z + u - 2, 3*u = q*z - 18. Calculate the remainder when 8 is divided by z.
2
Let k = -10 - -16. Let t be (20/k)/((-10)/(-15)). Suppose t*j - 12 = 68. What is the remainder when j is divided by 9?
7
Calculate the remainder when 30 is divided by ((-1)/2 + 1)*(-7 + 41).
13
Let r = 30 - 30. Suppose -2*c + 3*j + 30 = -0*c, r = -4*c + 5*j + 60. What is the remainder when 42 is divided by c?
12
Let n be 3*30/(-9)*-1. Let p = 20 + n. Let d = -17 + 33. What is the remainder when p is divided by d?
14
Let q = 13 + 43. Let o = q + -37. Let i = -2 + 12. What is the remainder when o is divided by i?
9
Let c(y) be the second derivative of -y**5/20 + 5*y**4/12 + y**3/6 - 5*y**2/2 + y. Let g = 303 - 295. Calculate the remainder when c(4) is divided by g.
7
Let m(p) = -p**3 - 3*p**2 + 8. Suppose o = -3*o + 80. What is the remainder when m(-5) is divided by o?
18
Let g(q) be the second derivative of 1/2*q**2 + 3*q + 1/2*q**3 - 1/12*q**4 + 0. What is the remainder when 1 is divided by g(3)?
0
Let v = -24 - -43. Calculate the remainder when v is divided by 6.
1
Let l = -6 + 9. Suppose -5*c + 2*c - d - 2 = 0, 2*d = 2*c - 12. Calculate the remainder when (-2)/c - (2 + -9) is divided by l.
2
Let g = -29 + 72. Suppose -2 = 4*s - 10. Suppose 0 = -s*j + 30. Calculate the remainder when g is divided by j.
13
Let w be -3*(-2 - (-2 + 1)). Let l be (-2)/w + (-5)/15. Let x = 6 + l. What is the remainder when 9 is divided by x?
4
Suppose -2*x - 5*h = -6*h - 4, -11 = -3*x - h. Let a = 9 + x. What is the remainder when a is divided by 5?
2
Suppose -11 = -2*h - 1. Suppose 137 = h*y + 7. Calculate the remainder when (y/(-6))/(1/(-3)) is divided by 7.
6
Let d = 3 + -4. Let r be (-19)/(d/(-5)*-1). Let c = r - 62. Calculate the remainder when c is divided by 17.
16
Suppose 14*n + 39 = 17*n. What is the remainder when 77 is divided by n?
12
Let h be (-2)/((-28)/(-13) + -2). Let v = 0 - 27. Let t = h - v. Calculate the remainder when 26 is divided by t.
12
Suppose -4*c = -2*u + u - 3, -5*c - 5*u + 10 = 0. Let v = 5 + -4. Calculate the remainder when v is divided by c.
0
Let p = 29 - 14. Suppose -4*f - 5 = -41. What is the remainder when 1/((-3)/p)*-7 is divided by f?
8
Suppose 2*q + 18 = u, 5*u - 2*q - 3*q = 85. Calculate the remainder when 111 is divided by u.
15
Let j(m) = -37*m. Calculate the remainder when j(-1) is divided by 156/16 + (-2)/(-8).
7
Suppose 3*o + 20 = 4*y, -y = 4*o - 2*y + 5. Suppose 3*j - 90 = -o*j. Calculate the remainder when j is divided by -1*(-11 + 0/1).
8
Suppose 5*x - 40 = 55. Suppose 4*h + x = 3. Let f(p) = -p + 3. Calculate the remainder when 26 is divided by f(h).
5
Let q be ((-4)/(-5))/((-4)/(-150)). Suppose 2*m = -2*c + q, 30 = 3*c + m - 13. Calculate the remainder when 40 is divided by c.
12
Suppose -78*y + 125 = -73*y. What is the remainder when y is divided by 7?
4
Suppose w - 9 = -2*q, -3*q + 4 = w - 3. Suppose 5*i - 126 = -3*m, -3*m + i - 20 = -128. What is the remainder when m is divided by w?
11
Let c = 8 - 7. Calculate the remainder when (2 - c) + 0 - -25 is divided by 9.
8
Let n(a) = 4*a**3 - 4*a**2 + 4. Let d be n(3). Suppose 3*p - 55 = -k, 3*p - d = -p - 4*k. Calculate the remainder when 53 is divided by p.
17
Suppose 10 = 5*r + 4*w, 3*r - 10 = -2*r + 4*w. What is the remainder when ((-82)/r)/(8 - 9) is divided by 14?
13
Suppose 35 + 43 = 2*l. What is the remainder when l is divided by 14?
11
Let t be (-98)/(-1)*(15/(-6) + 4). Suppose 4 = -0*o + o. Suppose o*u - u = t. What is the remainder when u is divided by 17?
15
Let f = 58 + -29. What is the remainder when f is divided by 6?
5
Let 